m be w(-6). Suppose -3*r - i = -27, m*r + 3*i - 49 = -5*r. What is the greatest common divisor of q and r?
8
Let z(s) = s**3 - 9*s**2 + 8*s + 1. Let i be 4/(-10) + (-84)/(-10). Let t be z(i). Let w be (t/(-1) - -11)/1. What is the greatest common divisor of 60 and w?
10
Let i be 2/(-4) - 1/2. Let q be i/(-2)*(2 + 0). Calculate the highest common divisor of 4 and q.
1
Let w = 4 + 2. What is the greatest common factor of w and 3?
3
Suppose -3*z = 3*t - 21, t = -z + 2*z + 3. Let y(k) = -k**3 + 8*k**2 - 7*k. Let a be y(t). What is the greatest common divisor of a and 10?
10
Let i = 71 + -139. Let b = i + 188. Calculate the greatest common factor of b and 48.
24
Suppose 0 = g + 2*c - 12, -2*g - 2*g = -2*c - 58. What is the highest common factor of 7 and g?
7
Let t(p) = -p - 3. Let m(y) = -y + 1. Let q be m(-1). Let r be (-6)/2*(q + 0). Let f be t(r). Calculate the greatest common divisor of 3 and f.
3
Suppose 0 = -u + x + 2, 1 = u + 4*x - 11. Calculate the highest common divisor of u and 36.
4
Let z = -11 - -20. Let o be (z/(-6))/((-6)/(-8)). Let a be 1/o*-2*17. What is the highest common factor of 34 and a?
17
Let i = 51 + -21. Let u = 98 - 78. What is the greatest common factor of u and i?
10
Suppose -3*m + 2 = -13. Calculate the greatest common factor of 3 and m.
1
Let c = 3 - -16. Let o(i) = -i**3 - 9*i**2 - 4*i - 5. Let t be o(-4). Let x = 140 - t. What is the highest common factor of c and x?
19
Let p be 1/(-2) - 14/(-4). Suppose p*q - 1 - 2 = 0. Let c be 6*6/9*q. Calculate the highest common divisor of c and 44.
4
Let x = -2 + 14. What is the greatest common factor of 12 and x?
12
Suppose 3*h + 2*g - 283 + 11 = 0, 92 = h + g. What is the highest common factor of h and 8?
8
Let o = 75 + -35. What is the highest common factor of 60 and o?
20
Suppose -4*a + 117 = t, -33 - 85 = -4*a - 2*t. Let l = 11 + a. What is the greatest common factor of 8 and l?
8
Let x be 145 - (27/(-36))/(6/(-16)). Calculate the highest common divisor of 22 and x.
11
Suppose 2*j - 41 = -9. What is the greatest common divisor of 208 and j?
16
Let s = 365 + -215. What is the highest common factor of 15 and s?
15
Let j be 1/(-1)*3*-2. Let r be (-3)/4 + 29/(-4). Let o(y) = y**2 + 3*y + 8. Let n be o(r). Calculate the highest common factor of n and j.
6
Let h = -47 - -50. Calculate the greatest common factor of h and 27.
3
Suppose -2*p + 5 = -3*b - 59, -5*b + 3*p - 108 = 0. Let t be (0 + 20)/(b/(-36)). What is the greatest common divisor of 12 and t?
6
Suppose -4*h - k + 572 = 0, 3*h + 5*k = -h + 556. Suppose -5*f + 3*c + 49 = -41, f - 18 = -2*c. Calculate the highest common factor of f and h.
18
Suppose 2*r + 130 = -2*u, 6*u - 2*r = u - 311. Suppose 0 = 5*p - 5*x - 865, 3*x - 7*x - 179 = -p. Let i = p + u. What is the greatest common factor of 12 and i?
12
Let f = -32 - -9. Let o = f + 52. Suppose -v + 4 = 2*s, s = -v + 4*s + o. What is the highest common divisor of v and 14?
14
Suppose -7*j = -3*j. Let u be 42/2 + (j - 3). Suppose -4*t + 5*t - 4*a = 26, -3*a = 4*t - 9. Calculate the highest common divisor of t and u.
6
Let w be 42/(-4)*-3 + (-9)/6. What is the greatest common factor of 20 and w?
10
Suppose -2*h = -n + 108, 16 = -3*n + 5*h + 344. Calculate the greatest common factor of n and 29.
29
Suppose 1 = 4*w - 3. Let k be 4/(-16)*(-8)/2. What is the highest common divisor of w and k?
1
Suppose 2 = z - 7. Suppose 2*d + 2*w = -2, 7*w = 4*d + 2*w + 22. Let n = -2 - d. What is the highest common divisor of z and n?
1
Let i = 50 - 27. Calculate the highest common factor of 115 and i.
23
Suppose -4*y + t + 39 = 0, -y + 3*t = -2*y. Let u be y/2*2/3. Suppose 9 = u*x - 39. What is the highest common divisor of x and 80?
16
Let o = -69 - -79. Calculate the greatest common divisor of o and 35.
5
Let x = 108 + -106. What is the greatest common divisor of 4 and x?
2
Suppose 4*i = 2*f + 550, -4*i + 0*f - 5*f + 585 = 0. Suppose -58 = -3*w + j, -2*w - 4*j + 2*j = -44. What is the highest common factor of w and i?
20
Suppose 0 = 2*t + 5*i - 72 + 18, -5*t - i = -112. What is the greatest common factor of 33 and t?
11
Let a(b) = -14*b - 6. Let r be a(-1). What is the highest common factor of r and 16?
8
Let o = 68 + -64. What is the greatest common factor of o and 4?
4
Let b(j) = -j**2 - 3*j - 4. Let q be b(-4). Let s = q - -12. Calculate the highest common divisor of 12 and s.
4
Let n = -499 + 523. Let h(v) = v**3 + 3*v**2 - 5*v - 1. Let j be h(-4). Suppose -63 = -a - j. Calculate the greatest common divisor of n and a.
12
Let n be (14/10)/1 - (-52)/(-130). What is the highest common divisor of 2 and n?
1
Suppose -5*i = 4*r + 10, i + 0*i + 3*r = 9. Let m(d) = -2*d - 6. Let q be m(i). Let b be (1*q)/((-4)/(-6)). Calculate the highest common divisor of 63 and b.
9
Let c = 18 + -11. Let l = 27 - 1. Let o = l - 12. Calculate the greatest common divisor of c and o.
7
Let k(r) = -r**3 + 9*r**2 - 7*r + 7. Let a be k(8). Let g be a + -1 - 0/5. What is the highest common divisor of g and 42?
14
Let y = 5 + -7. Let w = y + 10. Let m(t) = -t**2 + 10*t - 10. Let h be m(w). What is the greatest common factor of h and 18?
6
Suppose 124 = 6*u - 26. Calculate the highest common factor of 10 and u.
5
Let i(p) = -1 + 12*p**2 + 7 - 1 + 3*p + p**3. Let z be i(-10). Calculate the greatest common factor of 25 and z.
25
Let l(b) be the second derivative of -b**5/20 - b**4/3 + b**3/2 + b**2 - b. Let u be l(-5). Calculate the highest common divisor of u and 108.
12
Let u(h) = h**2 - 7*h - 11. Let x be u(9). Let c(z) = z**2 - 5*z - 2. Let d be c(x). Suppose 0*t + 2*t = 60. What is the greatest common factor of t and d?
6
Let d = 89 - 61. What is the highest common divisor of 56 and d?
28
Let o = -245 + 344. Let d be o/15 + (-2)/(-5). What is the greatest common divisor of 1 and d?
1
Let s(v) = -v**2 - 7*v + 5. Let x be s(-6). Calculate the highest common factor of 187 and x.
11
Let x(v) = v**3 + 4*v**2 + 2*v - 1. Let z be x(-3). Let q be 5/1 + (-4)/z. Suppose -3*b + b + 66 = 0. Calculate the greatest common divisor of b and q.
3
Let s = -29 - -79. Suppose -210 = -3*d - 3*i, -5*i + 24 + s = d. What is the highest common divisor of d and 46?
23
Let x(u) = 14*u**2 - 2*u - 2. Let y be x(-1). What is the greatest common divisor of 70 and y?
14
Suppose 0 = -k - 2*n + 7, -k = 3*n - 5*n + 1. Let p = 15 + -6. What is the greatest common factor of p and k?
3
Suppose -4*i + 3 = -1. Let j be (2 - -2) + 2/(-1). Suppose -j*c + 14 = 2*o, 3*c - 19 = -4. Calculate the greatest common factor of i and o.
1
Let i(m) = m + 24. Let k be i(5). What is the highest common factor of k and 319?
29
Let t(b) be the first derivative of -b**2/2 + b + 3. Let k be t(-7). What is the highest common divisor of k and 64?
8
Suppose 0 = 3*p + 4*b - 3*b - 14, p - b - 2 = 0. Calculate the highest common divisor of p and 3.
1
Suppose 0 = 3*n + 5*x - 46 - 25, 4*n - 148 = 4*x. Calculate the greatest common divisor of 8 and n.
8
Let c = 613 + -347. What is the greatest common factor of c and 38?
38
Suppose -4*r = -h + 18, 0*h = h + 5*r - 45. Calculate the highest common factor of 6 and h.
6
Let l be (-3)/(9/33) - 0. Let s be -4*(-1)/((-4)/l). What is the greatest common factor of s and 121?
11
Suppose -5 = -7*l + 6*l. Suppose l*x + 5*j - 340 = -0*x, 2*x - 4*j = 160. What is the greatest common factor of x and 18?
18
Let j(u) = -u**2 + 2*u + 1. Let w be j(4). Let t(g) = -g**2 - 7*g - 3. Let r be t(w). Let z be 3 + 6/r + 79. Calculate the highest common divisor of 16 and z.
16
Suppose -z + 43 = -5. Let q(t) = -4*t**2 + 4*t. Let j be q(3). Let k = j - -40. Calculate the highest common factor of k and z.
16
Let s = -35 - -44. Calculate the highest common factor of 36 and s.
9
Suppose 0 = -4*c + 8 + 4. Suppose -91 + 28 = -c*a. Calculate the greatest common factor of a and 7.
7
Suppose 23*q = 28*q - 10. Suppose 0 = -q*l + 53 + 387. Calculate the greatest common factor of 20 and l.
20
Let d = -12 + 92. Suppose q - u - 62 + 22 = 0, u = -2*q + d. What is the highest common divisor of q and 4?
4
Suppose -s - 5*k = 2, 1 = -0*s + 2*s + 5*k. Let z = 68 + -41. Calculate the highest common divisor of z and s.
3
Suppose 5 + 45 = 2*p. What is the greatest common factor of p and 5?
5
Let q = 20 + -15. Suppose 3*b = 2*b - q*x + 14, 0 = -5*b - 5*x + 70. Calculate the gr